a prime number?
False
Is 334063 a prime number?
False
Is 487 prime?
True
Is 199777 a composite number?
False
Is 356803 prime?
True
Is 69571 a composite number?
True
Is 262807 a prime number?
True
Is 25771 a composite number?
False
Is 85 a composite number?
True
Is 38543 composite?
False
Is 24539 a composite number?
True
Is 329815 composite?
True
Is 12659 composite?
False
Is 12247 a prime number?
False
Is 7899 a prime number?
False
Is 14243 a prime number?
True
Is 573421 composite?
True
Is 1193 composite?
False
Is 8962 a composite number?
True
Is 12889 a prime number?
True
Is 2195 a composite number?
True
Is 34991 a prime number?
False
Is 3343 prime?
True
Is 403679 a composite number?
False
Is 5737 composite?
False
Is 967 a composite number?
False
Is 120157 composite?
False
Is 10973 composite?
False
Is 4181 prime?
False
Is 3986 a prime number?
False
Is 9451 prime?
False
Is 6607 a composite number?
False
Is 65479 a prime number?
True
Is 388706 composite?
True
Is 552379 a composite number?
False
Is 63223 prime?
False
Is 1446209 prime?
False
Is 877781 composite?
True
Is 38929 a prime number?
False
Is 3518 prime?
False
Is 413 prime?
False
Is 264211 a composite number?
False
Is 10651 composite?
False
Is 327163 composite?
False
Is 14479 prime?
True
Is 119227 prime?
True
Is 15518 composite?
True
Is 3637 composite?
False
Is 51123 prime?
False
Is 60547 a prime number?
False
Is 13093 composite?
False
Is 157613 a prime number?
False
Is 71749 composite?
True
Is 115451 a prime number?
False
Is 3035 composite?
True
Is 1218121 a prime number?
True
Is 85439 a prime number?
True
Is 455149 a prime number?
True
Is 325163 a composite number?
False
Is 298367 prime?
False
Is 549587 prime?
True
Is 17717 a composite number?
True
Is 50647 composite?
False
Is 31247 a prime number?
True
Is 5581 prime?
True
Is 528133 a composite number?
True
Is 44686 prime?
False
Is 176543 a composite number?
True
Is 90421 prime?
False
Is 15959 composite?
False
Is 744493 a composite number?
False
Is 590279 a prime number?
True
Is 1777 a composite number?
False
Is 288237 composite?
True
Is 176717 prime?
False
Is 208973 a composite number?
True
Is 1031 composite?
False
Is 39037 a composite number?
True
Is 41201 a composite number?
False
Is 1437 a prime number?
False
Is 226087 composite?
False
Is 260509 a composite number?
True
Is 30809 composite?
False
Is 685003 composite?
True
Is 1081 prime?
False
Is 481511 a prime number?
False
Is 288007 composite?
False
Is 207187 composite?
False
Is 294347 a composite number?
False
Is 4621 prime?
True
Is 32537 a prime number?
True
Is 2477 a prime number?
True
Is 26083 a composite number?
False
Is 99809 composite?
False
Is 138917 a composite number?
False
Is 36591 composite?
True
Is 127759 prime?
False
Is 3989 a composite number?
False
Is 58757 a prime number?
True
Is 33658 a composite number?
True
Is 804689 prime?
True
Is 152459 composite?
False
Is 12841 prime?
True
Is 30565 a prime number?
False
Is 257119 composite?
True
Is 41887 a prime number?
True
Is 396626 a composite number?
True
Is 194917 a prime number?
True
Is 744041 composite?
True
Is 10765 prime?
False
Is 631 prime?
True
Is 6673 composite?
False
Is 2368085 composite?
True
Is 2153 prime?
True
Is 19553 prime?
True
Is 245669 composite?
True
Is 262277 a composite number?
True
Is 6443 a prime number?
False
Is 11629 a composite number?
True
Is 73651 composite?
False
Is 1338781 a composite number?
False
Is 230479 a composite number?
False
Is 25229 composite?
False
Is 17337 composite?
True
Is 1472543 a composite number?
False
Is 9098 prime?
False
Is 8341 a composite number?
True
Is 12143 composite?
False
Is 9442 a prime number?
False
Is 190901 a composite number?
False
Is 356237 composite?
True
Is 8407 composite?
True
Is 5639 prime?
True
Is 4561 prime?
True
Is 651673 a composite number?
True
Is 8441 prime?
False
Is 37097 prime?
True
Is 2671 prime?
True
Is 769 composite?
False
Is 34779 a prime number?
False
Is 3343 composite?
False
Is 120473 composite?
False
Is 301341 composite?
True
Is 1397579 prime?
True
Is 9533 a composite number?
False
Is 27043 prime?
True
Is 1207681 a composite number?
False
Is 7753 prime?
True
Is 1428709 a composite number?
False
Is 28673 a prime number?
False
Is 14843 prime?
True
Is 4483 a composite number?
False
Is 745942 a prime number?
False
Is 240785 prime?
False
Is 205783 a prime number?
True
Is 138379 a prime number?
False
Is 163879 a composite number?
True
Is 152783 a prime number?
True
Is 1015741 a composite number?
True
Is 645283 prime?
False
Is 9743 composite?
False
Is 2459 prime?
True
Is 257311 composite?
False
Is 213743 a prime number?
False
Is 458846 a composite number?
True
Is 730997 composite?
True
Is 714719 composite?
False
Is 77641 a prime number?
True
Is 187045 composite?
True
Is 13849 a composite number?
True
Is 6247 a composite number?
False
Is 41813 a prime number?
True
Is 975077 prime?
False
Is 37087 a prime number?
True
Is 109423 a composite number?
False
Is 237605 a prime number?
False
Is 2386 a composite number?
True
Is 96259 a prime number?
True
Is 12219 a prime number?
False
Is 27949 composite?
True
Is 6131 a prime number?
True
Is 846161 a composite number?
False
Is 31007 prime?
False
Is 5905 a composite number?
True
Is 69511 a prime number?
False
Is 22233 a composite number?
True
Is 1930879 prime?
True
Is 150677 a composite number?
True
Is 67951 a composite number?
True
Is 7349 a prime number?
True
Is 201646 a composite number?
True
Is 1117 prime?
True
Is 756419 composite?
False
Is 232835 a composite number?
True
Is 73307 a composite number?
True
Is 20765 composite?
True
Is 22961 prime?
True
Is 25891 composite?
True
Is 21151 composite?
True
Is 141077 composite?
True
Is 300647 a prime number?
True
Is 6937 prime?
False
Is 60511 a prime number?
False
Is 36415 a prime number?
False
Is 520045 a prime number?
False
Is 1204583 prime?
True
Is 26879 prime?
True
Is 11185 prime?
False
Is 141517 prime?
False
Is 17585 a composite number?
True
Is 578399 a composite number?
False
Is 74489 a prime number?
True
Is 125971 a prime number?
False
Is 13229 a composite number?
False
Is 5723 composite?
True
Is 393667 prime?
True
Is 5779 prime?
True
Is 122101 a composite number?
True
Is 3847 a prime number?
True
Is 174877 a prime number?
True
Is 410815 prime?
False
Is 42239 a composite number?
False
Is 27667 prime?
False
Is 170171 prime?
False
Is 296447 prime?
False
Is 75265 composite?
True
Is 150459 a composite number?
True
Is 121921 prime?
True
Is 3709 a composite number?
False
Is 765157 prime?
False
Is 3017 a composite number?
True
Is 5671 composite?
True
Is 127 prime?
True
Is 4578017 composite?
False
Is 150167 a composite number?
True
Is 64763 composite?
False
Is 563711 a composite number?
True
Is 151157 a prime number?
True
Is 1543537 a prime number?
True
Is 48173 composite?
True
Is 193517 a prime number?
False
Is 9206 a prime number?
False
Is 58933 a prime number?
False
Is 185467 composite?
False
Is 180347 a prime number?
True
Is 279511 a prime number?
True
Is 291 composite?
True
Is 329 a composite number?
True
Is 43682 composite?
True
Is 97957 prime?
False
Is 3491 a prime number?
True
Is 15959 prime?
True
Is 1913467 prime?
True
Is 6247 prime?
True
Is 587 composite?
False
Is 24403 a composite number?
True
Is 13047 a prime number?
False
Is 8951 a prime number?
True
Is 144895 composite?
True
Is 2658939 composite?
True
Is 1685 a prime number?
False
Is 29567 composite?
False
Is 144929 composite?
True
Is 263881 a composite number?
False
Is 1894 prime?
False
Is 9753 prime?
False
Is 1751 composite?
True
Is 39383 a prime number?
True
Is 419873 composite?
False
Is 279817 a prime number?
True
Is 90577 a prime number?
False
Is 26591 a composite number?
False
Is 970201 prime?
True
Is 5235434 a prime number?
False
Is 69283 composite?
True
Is 4606549 composite?
False
Is 111913 a prime number?
True
Is 5155 prime?
False
Is 60289 a composite number?
False
Is 37619 composite?
False
Is 1657 a composite number?
False
Is 191329 prime?
False
Is 482269 a composite number?
True
Is 1259 a composite number?
False
Is 37241 prime?
False
Is 3203 composite?
False
Is 633079 composite?
False
Is 13829 prime?
True
Is 719 a prime number?
True
Is 172709 composite?
False
Is 12071 a composite number?
F